et r be y(-6). What is the highest common divisor of m and r?
21
Suppose 0 = -4*q + 5*j + 210, -4*j + 2*j + 196 = 4*q. Calculate the greatest common divisor of 100 and q.
50
Let z be 2/(-12)*2 - 380/(-6). Calculate the greatest common divisor of z and 315.
63
Let c be ((-171)/(-12))/(48/256). Calculate the greatest common divisor of c and 19.
19
Let i = -39 - -45. Let h = 4 - 0. Suppose 5*d = -3*c + h*d + 35, -d - 37 = -3*c. Calculate the greatest common factor of c and i.
6
Suppose 4*z - 2*r = 478, 2*z - 3*r - 249 = -0*z. Suppose -2*i + 16 = -2*j, -i - 2*j = -11 - 12. Calculate the greatest common factor of i and z.
13
Let z be (-4)/(-4) + -1 + 3. Let m be (z - 3)/(0 - 3). Suppose m = -y + 27 - 5. What is the greatest common factor of y and 110?
22
Suppose -5*x + 5*t = 15, x + 2*t - 8 = 2*x. Let b(r) = -6 + 5 - 4*r + x - r**3 + 5*r**2. Let u be b(3). Calculate the greatest common factor of 21 and u.
7
Let i be -6*2/3*3. Let h(y) = y**3 + 11*y**2 + 17*y - 5. Let o be h(-5). Let z = i + o. Calculate the greatest common factor of z and 32.
16
Let s(r) = 97*r + 1281. Let b be s(-13). Suppose -5*u + 523 = -77. What is the greatest common divisor of b and u?
20
Let z(x) = -x + 10. Let j be z(4). Suppose 93 = 4*n + 3*y - j, 4*y - 20 = 0. Calculate the highest common divisor of n and 189.
21
Let w = 27 - 25. Suppose 30 = -b + w*b. What is the greatest common divisor of b and 10?
10
Suppose 0 = 4*w + 89 + 27. Let q = w - -31. Suppose 8 = 3*d - q*d. Calculate the highest common divisor of 88 and d.
8
Suppose -2*b + 2*i = -236, 6*b - 3*i = 2*b + 470. Suppose 150 = 5*s - g, -s + 5*g + 16 = -38. Calculate the greatest common divisor of s and b.
29
Let l(p) = p**3 - 19*p**2 + 36*p + 14. Let n be l(17). What is the highest common factor of n and 768?
48
Suppose 2*t - 42 = j, -j + 4 = 2*t - 38. Let r be (t/(-3) + 2)*-3. Suppose -3*p + 12 + 3 = 0. What is the greatest common divisor of r and p?
5
Let h(j) = 5*j + 3. Let o be h(3). Suppose -8 + o = w. Let c be (-35)/w*36/(-21). What is the highest common divisor of 2 and c?
2
Let o = -32 + 19. Let x = o - -42. What is the greatest common factor of 58 and x?
29
Suppose 0 = -h + o + 28, 245 - 95 = 5*h + 5*o. Suppose -6*p + 206 = -490. What is the highest common divisor of p and h?
29
Let r = -21 + 5. Let n = -6 - r. Let z = -60 + 110. Calculate the highest common divisor of n and z.
10
Suppose 0 = -5*x - 15 + 45. Let o be 2/(x*(-5)/(-1485)). Suppose 0 = -4*s + t + 4*t + 56, -4*s + 40 = -t. What is the greatest common factor of s and o?
9
Suppose 2*q - h = -0*q + 96, -q = -h - 46. Let y = -17 + q. What is the highest common factor of 11 and y?
11
Let y(m) = 8*m**2 + 16*m + 22. Let k be y(-8). Calculate the highest common divisor of k and 14.
14
Suppose 2*o = -0*o + v - 93, 4*o = -3*v - 211. Let b = o + 71. Calculate the highest common factor of 55 and b.
11
Let h be 39/(-12) - (-1)/4. Let r(s) = -4*s - 4. Let a be r(h). Let w = 35 + 5. Calculate the highest common factor of w and a.
8
Let t be -1 + (-4 + 0 - (-149)/1). What is the greatest common factor of 9 and t?
9
Let l be 28 + -22 + (-1 - 0). Suppose -r + 11 = l. Calculate the greatest common divisor of 24 and r.
6
Let j = -74 + 123. Suppose 0 = -4*q + 3*q + j. Suppose -20 = -3*u + 1. Calculate the highest common divisor of u and q.
7
Let f = 31 + -44. Let w(a) = a**3 + 12*a**2 - 14*a + 3. Let p be w(f). Calculate the highest common factor of p and 4.
4
Let h = -20 - -986. Calculate the highest common divisor of h and 21.
21
Let x be (1 + (-22)/2)/(-2). Let h = 93 - 89. Suppose -h*v - 43 = -b - 2*v, 187 = 5*b - 3*v. What is the greatest common factor of x and b?
5
Let s = -28 + 30. Suppose 6*q + s*q = 216. What is the highest common divisor of 9 and q?
9
Suppose 0 = 2*f - 2 - 4. Let v be 0 - (-569 - (-6)/f). Suppose 3*x - v = -105. What is the highest common divisor of 22 and x?
22
Suppose -203*i + 208*i + p = 70, 0 = 3*i + 2*p - 49. What is the highest common factor of i and 143?
13
Let t(r) be the second derivative of r**3 - 19*r**2/2 + 29*r. Let n be t(4). What is the greatest common factor of 85 and n?
5
Suppose -2*y - 3*y = -375. Let l = y + -39. Let v(w) = 3*w**3 - 3*w. Let d be v(2). What is the greatest common factor of l and d?
18
Suppose 0 = y + 5*x - 148, -6*x - 711 = -5*y - 2*x. What is the highest common divisor of 130 and y?
13
Suppose 25*u - 29*u = -80. Calculate the highest common factor of 80 and u.
20
Let l be 6/9*(9 + -6). Suppose -4*i - s + 324 = 0, 3*i - 3*s = -l*i + 405. What is the greatest common factor of i and 9?
9
Let d = -249 + 521. What is the highest common factor of 17 and d?
17
Let w = 88 + -12. Let a = -221 + 229. Suppose -4*r + a*r = w. What is the highest common factor of r and 19?
19
Suppose -4*o + 12*o = 240. Calculate the highest common divisor of 150 and o.
30
Let f(v) = -v**3 - 5*v**2 + v - 7. Let a be f(-7). Suppose 2*k + 2 = -0*k. Let j be 14 - -1 - (-3)/k. Calculate the highest common factor of a and j.
12
Let h = -31 - -52. Let d(o) = -o**3 + 29*o**2 + 4*o + 73. Let c be d(29). What is the greatest common divisor of h and c?
21
Suppose -390 = -3*r - c, -14*r = -11*r - 3*c - 378. Calculate the greatest common divisor of 172 and r.
43
Let s = 12 - 12. Suppose 4*l = -5*f + 75, -3*l + 0*f - 5*f + 55 = s. What is the greatest common factor of l and 220?
20
Suppose n - 5 - 25 = 0. Suppose -13 = -2*s + 27. What is the greatest common factor of s and n?
10
Let l = -265 + 571. What is the greatest common divisor of l and 102?
102
Let a(z) = 6*z**2 - 3*z - 6. Let l(c) = -c**3 - 8*c**2 + 7*c - 20. Let y be l(-9). Let b be a(y). Calculate the highest common factor of b and 8.
8
Let r be 6/(-6)*(5 + -3). Let s be 0*r/(-4) - -2. What is the highest common factor of 10 and s?
2
Suppose 66 = 3*u + 21. Let t be 4/6 - (-264)/9. Calculate the greatest common factor of u and t.
15
Let k be 348/10 - (-2)/10. Let d = 173 + -99. Suppose 66 = 10*y - d. What is the greatest common divisor of y and k?
7
Suppose 0*d + 230 = 5*d. Let o = -1018 + 1133. Calculate the highest common factor of d and o.
23
Suppose -4 = -2*c, -135 = -2*n + 2*c + 437. What is the greatest common factor of n and 168?
24
Let b = -1 - -7. Let x = b - 0. Suppose -33 = 6*q - 429. What is the highest common divisor of x and q?
6
Let d = 7 - 4. Suppose -4*m + 0*j = -2*j - 22, 3*m = d*j + 12. Let k = m - -4. What is the greatest common divisor of k and 22?
11
Suppose u + 3*u = -c + 27, 67 = 5*c + 3*u. Calculate the highest common divisor of 11 and c.
11
Suppose 0 = -4*y + 7 + 145. Let m = -3 + y. What is the greatest common divisor of 5 and m?
5
Let b be 87/6 - (-2)/4. Let o be b - (-1 + (-3)/(2 - -1)). What is the highest common factor of o and 68?
17
Suppose -3*a - 4*b + 46 = 0, 3*a = -b - 33 + 94. What is the highest common factor of 275 and a?
11
Suppose -5*f - 921 = -2*y, -4*y - 926 = -6*y + 4*f. Suppose 0 = -5*o + 5, -221 = -5*p + 2*o - 8. Calculate the greatest common factor of y and p.
43
Let d(f) = -f**2 + 8*f - 1. Let j be d(5). Let b = -33 + 68. What is the greatest common divisor of b and j?
7
Suppose -16 = -4*d - 0*d. Suppose -2*s - 2 = -3*s, 5*s = d*p + 650. Let a = p + 314. Calculate the greatest common factor of a and 14.
14
Suppose 0*d + 5*g = 2*d - 18, -4*g = d - 35. Let m = d - -1. What is the greatest common factor of m and 8?
4
Let h(r) = -2*r**3 + 4*r**2 - 2*r - 2. Let n be h(3). Let s = 43 + n. Let b = -14 + s. Calculate the highest common divisor of 15 and b.
3
Let n = 78 - 31. What is the highest common divisor of 47 and n?
47
Suppose 94*o = 52*o + 10290. Let x(y) = 5*y + 5. Let h be x(6). What is the highest common divisor of h and o?
35
Let j = 1073 + -488. What is the greatest common divisor of j and 27?
9
Suppose 2*k - 342 = -3*x + x, 5*k = 3*x - 545. Suppose -1548*p + 1552*p - 280 = 0. What is the highest common factor of x and p?
35
Let w be 2/(10/8 + -1). Suppose -2*k + 2 = -j - 0*j, -4*j - w = -3*k. Let p = j - -7. What is the greatest common factor of p and 5?
5
Let a(u) = -50*u + 260. Let y be a(4). What is the highest common divisor of 40 and y?
20
Suppose -2*z = -79 + 29. Suppose -o = o - 16. Suppose 3*k + t + 55 = o*k, -2*t = -k + 20. What is the greatest common divisor of k and z?
5
Suppose -4*m = 4*q - 24, 3*q + 2*q = -3*m + 16. S